se 16) in base 13?
-30
What is -2 (base 10) in base 4?
-2
Convert 6 (base 7) to base 12.
6
What is -89 (base 10) in base 2?
-1011001
-1 (base 16) to base 12
-1
What is 19 (base 13) in base 9?
24
What is -10 (base 4) in base 15?
-4
Convert -13 (base 5) to base 2.
-1000
4 (base 6) to base 15
4
Convert 110100 (base 2) to base 16.
34
-21 (base 11) to base 9
-25
a (base 13) to base 10
10
What is -254 (base 7) in base 5?
-1022
What is -78 (base 10) in base 11?
-71
Convert -206 (base 7) to base 12.
-88
What is -35 (base 9) in base 5?
-112
5 (base 11) to base 13
5
38 (base 9) to base 14
27
What is -1 (base 14) in base 16?
-1
What is -3 (base 11) in base 4?
-3
Convert -2 (base 12) to base 8.
-2
What is 2 (base 13) in base 7?
2
Convert -11 (base 7) to base 10.
-8
1 (base 8) to base 15
1
-4 (base 16) to base 15
-4
Convert b (base 15) to base 8.
13
1 (base 9) to base 7
1
b (base 15) to base 16
b
-b (base 14) to base 11
-10
2 (base 7) to base 11
2
2 (base 5) to base 7
2
What is 4 (base 13) in base 5?
4
1 (base 10) to base 4
1
1 (base 11) to base 9
1
Convert 12 (base 5) to base 2.
111
Convert 0 (base 15) to base 3.
0
What is 2 (base 10) in base 6?
2
-2 (base 3) to base 14
-2
Convert -112 (base 4) to base 7.
-31
1 (base 13) to base 5
1
What is 24 (base 14) in base 16?
20
Convert 9 (base 13) to base 3.
100
-2d (base 15) to base 12
-37
Convert 5 (base 15) to base 3.
12
What is -2 (base 8) in base 9?
-2
-12 (base 4) to base 14
-6
Convert 10101 (base 2) to base 5.
41
What is -55 (base 8) in base 7?
-63
-24 (base 13) to base 16
-1e
What is -26 (base 9) in base 3?
-220
What is 156 (base 10) in base 4?
2130
What is 3 (base 16) in base 3?
10
What is -7 (base 10) in base 15?
-7
What is -143 (base 6) in base 13?
-4b
Convert 101 (base 7) to base 4.
302
-b (base 14) to base 13
-b
1 (base 12) to base 15
1
What is 7 (base 9) in base 11?
7
What is -1 (base 13) in base 7?
-1
-6 (base 9) to base 2
-110
-10 (base 4) to base 16
-4
What is 7 (base 9) in base 10?
7
-2 (base 9) to base 12
-2
Convert 1321 (base 4) to base 8.
171
Convert 110 (base 3) to base 6.
20
-2 (base 13) to base 6
-2
5d (base 16) to base 10
93
-15 (base 10) to base 2
-1111
Convert -10110 (base 2) to base 3.
-211
Convert -8 (base 9) to base 7.
-11
What is 41 (base 8) in base 7?
45
What is 11 (base 2) in base 6?
3
Convert 130 (base 4) to base 15.
1d
-152 (base 6) to base 12
-58
Convert -12 (base 8) to base 7.
-13
Convert -58 (base 12) to base 6.
-152
What is -5 (base 7) in base 5?
-10
212 (base 4) to base 9
42
What is 2 (base 5) in base 3?
2
Convert -11 (base 3) to base 4.
-10
What is 3 (base 14) in base 15?
3
-105 (base 6) to base 2
-101001
Convert 12 (base 9) to base 5.
21
What is -4 (base 9) in base 7?
-4
Convert -132 (base 11) to base 4.
-2130
What is 1000 (base 2) in base 4?
20
-2 (base 16) to base 3
-2
32 (base 4) to base 9
15
Convert -211 (base 4) to base 15.
-27
Convert -12 (base 4) to base 8.
-6
140 (base 13) to base 14
11b
What is 10 (base 2) in base 10?
2
-40 (base 15) to base 6
-140
Convert -43 (base 10) to base 13.
-34
Convert 3 (base 13) to base 6.
3
Convert 2a (base 12) to base 2.
100010
What is -2 (base 9) in base 5?
-2
What is -4 (base 15) in base 13?
-4
What is 1 (base 2) in base 10?
1
2220 (base 3) to base 4
1032
Convert -266 (base 8) to base 10.
-182
Convert -33 (base 7) to base 13.
-1b
Convert -3 (base 10) to base 7.
-3
Convert -6 (base 8) to base 5.
-11
3 (base 8) to base 3
10
What is 1 (base 16) in base 10?
1
106 (base 7) to base 10
55
22 (base 11) to base 6
40
What is 1424 (base 5) in base 15?
10e
-13 (base 6) to base 2
-1001
Convert 25 (base 7) to base 5.
34
Convert -16 (base 12) to base 5.
-33
What is -2 (base 7) in base 8?
-2
55 (base 9) to base 8
62
What is 27 (base 9) in base 14?
1b
Convert 14a (base 11) to base 13.
106
What is 233 (base 8) in base 15?
a5
Convert 1 (base 14) to base 13.
1
What is 2 (base 3) in base 11?
2
-6 (base 10) to base 7
-6
62 (base 13) to base 2
1010000
41 (base 6) to base 8
31
What is -11 (base 3) in base 9?
-4
Convert -10 (base 5) to base 13.
-5
Convert bc (base 14) to base 15.
b1
What is 36 (base 15) in base 14?
39
-51 (base 15) to base 13
-5b
Convert -22 (base 12) to base 9.
-28
-13 (base 16) to base 3
-201
What is -10222 (base 3) in base 6?
-255
Convert 101 (base 5) to base 6.
42
Convert -11 (base 2) to base 13.
-3
Convert -a (base 13) to base 16.
-a
Convert 9a (base 11) to base 9.
131
-4 (base 14) to base 7
-4
What is -b3 (base 13) in base 14?
-a6
21 (base 4) to base 16
9
Convert -200 (base 13) to base 14.
-1a2
What is 2 (base 8) in base 11?
2
Convert 11 (base 7) to base 3.
22
What is 4 (base 6) in base 2?
100
7 (base 13) to base 8
7
Convert -bf (base 16) to base 15.
-cb
112 (base 3) to base 16
e
110 (base 14) to base 2
11010010
63 (base 15) to base 16
5d
-1a (base 11) to base 5
-41
131 (base 4) to base 15
1e
Convert -231 (base 8) to base 14.
-ad
Convert -1223 (base 4) to base 2.
-1101011
What is -27 (base 14) in base 10?
-35
Convert 18 (base 13) to base 3.
210
What is 0 (base 15) in base 13?
0
Convert -3 (base 6) to base 7.
-3
Convert 10 (base 8) to base 9.
8
Convert -3 (base 14) to base 16.
-3
-12 (base 15) to base 6
-25
-200 (base 7) to base 16
-62
10 (base 2) to base 8
2
What is -3 (base 8) in base 16?
-3
3310 (base 4) to base 8
364
4a (base 13) to base 2
111110
What is 121 (base 9) in base 4?
1210
What is 10 (base 12) in base 10?
12
What is -7 (base 16) in base 13?
-7
32 (base 4) to base 16
e
What is 6 (base 14) in base 11?
6
-1 (base 14) to base 7
-1
What is 6 (base 9) in base 13?
6
Convert -42 (base 6) to base 15.
-1b
-33 (base 9) to base 12
-26
8 (base 13) to base 16
8
-3 (base 8) to base 13
-3
Convert -3 (base 15) to base 4.
-3
What is 24 (base 8) in base 6?
32
What is 201 (base 3) in base 6?
31
What is -48 (base 9) in base 11?
-40
What is -4 (base 13) in base 11?
-4
Convert 17 (base 12) to base 3.
201
What is 65 (base 11) in base 9?
78
What is 12a (base 11) in base 7?
306
205 (base 8) to base 15
8d
What is 17 (base 13) in base 16?
14
Convert 1023 (base 4) to base 2.
1001011
What is 49 (base 14) in base 3?
2102
What is -28 (base 16) in base 5?
-130
-1 (base 6) to base 2
-1
30 (base 13) to base 8
47
Convert 0 (base 12) to base 2.
0
Convert 3 (base 12) to base 2.
11
What is -24 (base 8) in base 9?
-22
13 (base 9) to base 2
1100
21 (base 3) to base 6
11
What is -4 (base 9) in base 2?
-100
Convert -7 (base 11) to base 2.
-111
-24 (base 7) to base 8
-22
What is -80 (base 10) in base 7?
-143
Convert -19 (base 14) to base 16.
-17
Convert -100 (base 4) to base 16.
-10
Convert 12 (base 14) to base 7.
22
Convert 0 (base 16) to base 2.
0
92 (base 13) to base 5
434
2 (base 11) to base 2
10
What is 24 (base 15) in base 4?
202
-58 (base 13) to base 6
-201
11010001 (base 2) to base 13
131
Convert -2214 (base 5) to base 4.
-10311
4 (base 13) to base 10
4
Convert 111 (base 6) to base 2.
101011
Convert -1002 (base 3) to base 7.
-41
11 (base 9) to base 12
a
What is -4 (base 10) in base 6?
-4
Convert -4 (base 5) to base 7.
-4
-5 (base 11) to base 4
-11
Convert -6 (base 15) to base 16.
-6
Convert 1002 (base 3) to base 4.
131
What is 3 (base 9) in base 8?
3
Convert -2c (base 13) to base 3.
-1102
Convert -101111 (base 2) to base 14.
-35
-3 (base 6) to base 10
-3
Convert -19 (base 16) to base 4.
-121
Convert -6 (base 7) to base 11.
-6
-4 (base 8) to base 3
-11
Convert -39 (base 14) to base 16.
-33
21 (base 4) to base 10
9
-35 (base 15) to base 8
-62
What is 2 (base 10) in base 3?
2
What is 4 (base 15) in base 14?
4
What is 53 (base 10) in base 5?
203
Convert -2 (base 3) to base 9.
-2
What is -1014 (base 5) in base 10?
-134
Convert 4 (base 14) to base 13.
4
Convert -4 (base 14) to base 5.
-4
Convert 48 (base 14) to base 11.
59
What is 1431 (base 5) in base 15?
111
What is 223 (base 6) in base 13?
69
1 (base 4) to base 12
1
Convert 3 (base 11) to base 13.
3
What is -1 (base 15) in base 16?
-1
-47 (base 15) to base 16
-43
What is 122 (base 3) in base 15?
12
-4 (base 6) to base 2
-100
-1 (base 10) to base 16
-1
Convert 5 (base 11) to base 2.
101
What is -6 (base 10) in base 5?
-11
What is 1 (base 11) in base 7?
1
10 (base 5) to base 10
5
What is 9 (base 12) in base 8?
11
-1 (base 2) to base 14
-1
0 (base 16) to base 10
0
-51 (base 12) to base 16
-3d
Convert f (base 1